h = r - t. What is the hundreds digit of h?
1
What is the units digit of 1/(-8) + 338059/664 - (0 - -2)?
7
Let a(b) = -b**3 + 9*b**2 + 26*b - 45. Suppose 2*f + 3 - 1 = 0, 39 = 4*q + f. What is the units digit of a(q)?
5
Suppose 141 = 5*x + z, -3*x + 18 = -5*z - 61. Suppose 0 = -18*n + x*n - 2220. Suppose -3*h + n = -108. What is the units digit of h?
0
Let z(r) = 3*r - 2. Let p be z(2). Suppose -2*y - 3*y - v + 2 = 0, v = p*y - 7. What is the units digit of y*(4 - 900/(-4))?
9
Let x = 25196 + -6695. What is the tens digit of x?
0
Suppose -82*l - 12502 = -k - 85*l - 2276, -l = 0. What is the thousands digit of k?
0
Let j = 15654 + -7218. What is the thousands digit of j?
8
Let s be (-390)/(-8) - 6/(-24). Let a = 135 - s. Let q = a - 11. What is the tens digit of q?
7
Suppose 14*r - 333 = 1921. Let w = r + -60. What is the tens digit of w?
0
Let l(o) = -o**3 + 12*o**2 + 33*o + 12. Suppose 8*b = 11*b. Let g be (b + 4)/(-4 + 30/7). What is the units digit of l(g)?
2
Let y(k) = 185*k + 4938. What is the units digit of y(67)?
3
Suppose 0 = -2*z + 4*g + 1818, 2*g + 12 = -g. Let a = -2826 + z. What is the units digit of 4/((-620)/a + 2/(-7))?
0
Suppose -12*j = -4*w - 16*j + 7616, 4*w = 2*j + 7592. Let v = 2708 - w. What is the units digit of v?
8
Suppose 0 = -23*g + 26*g - 1863. Suppose -5*x + g - 76 = 0. Suppose 17 = 7*p - x. What is the tens digit of p?
1
Suppose 0 = 39*h - 143 - 52. Suppose -2*y + 3*y = g - 77, -h*y = -3*g + 239. What is the units digit of g?
3
Let w = -487 - -3734. What is the hundreds digit of w?
2
Let a = -32 + 34. Let k(p) = -17 - 5 + 13*p - a. What is the units digit of k(14)?
8
Suppose -12 + 2 = -5*y, -4*y + 2633 = 5*r. Suppose r = 8*p + 157. Let h = 77 - p. What is the units digit of h?
1
Let c = -634 - -639. Suppose 4*z = o - z - 1342, 2*o = -c*z + 2684. What is the tens digit of o?
4
Suppose -4*o - 90749 = -3*r, -690*r - 120982 = -694*r + 2*o. What is the units digit of r?
3
What is the thousands digit of (392 + -1 + 8)*-4*(-25)/30?
1
Suppose 0*i + 9229 = -11*i. Let v = i - -1743. What is the tens digit of v?
0
Let y(t) = 5 - t**3 - 1 - 9 + 10*t**2 - 13*t. Let d = -11 + 17. What is the units digit of y(d)?
1
Let v(s) = 65*s**2 + 9*s + 701. What is the tens digit of v(-28)?
0
Let z = -121 + 124. Let r be 6 + -3*2/2. Suppose -15 = -r*j, 5*i = 4*i - z*j + 145. What is the tens digit of i?
3
What is the thousands digit of ((-3)/(-2))/((-1)/3 + (-304251)/(-912672))?
0
Let q(g) = 445*g - 17. Let n be q(2). Suppose 3*i - 5*u = n, -4*i - 2*u - 291 = -5*i. What is the units digit of i?
1
Let q(g) = 5831*g**3 - g**2 + 3*g - 1. Let d be q(1). Suppose 38*x - 44*x = -d. What is the units digit of x?
2
Let t = 98 + -187. Let v = -85 - t. Suppose 0 = 3*k + k - v*u - 28, 5*u = 3*k - 13. What is the tens digit of k?
1
Let d be (4/3)/((-4)/2358*-3). Suppose -p - 4*x + d = 0, 3*p - 7*x = -2*x + 752. What is the tens digit of p?
5
Let v = -169 + -5. Let p be ((-6)/9)/(((-4)/v)/2). Let l = 105 + p. What is the units digit of l?
7
Let z be (-4)/((-16)/18)*(-2500)/75. Let q = 325 + z. What is the units digit of q?
5
What is the thousands digit of (188825/21 - (-1 + 0)) + 5/15?
8
Suppose 0 = -5*z + 38 + 32. Let w(a) = a**3 - 14*a**2 + 36*a - 23. What is the hundreds digit of w(z)?
4
Let j(t) = t**3 - t**2 - t - 1. Let l be j(3). What is the tens digit of 4124/l + 2 + 100/(-175)?
9
Let k(p) = 142*p**2 + 14*p - 64. What is the tens digit of k(-19)?
3
Suppose -2*j + 28*j + 3016 = 0. What is the tens digit of (-216 + 1 + -1)*87/j?
6
Let i(z) = 61*z**2 + z + 21. Let a be i(5). Suppose -a + 7611 = 10*j. What is the units digit of j?
6
Let x(q) = 514 - 102*q - 163 - 163 - 179. Suppose -4*t - 2 - 2 = 0. What is the units digit of x(t)?
1
Let q = 71 - -5. What is the thousands digit of (71/2)/(382/q + -5)?
1
Let h(q) = q**3 + 4*q**2 - 8*q - 3. Let j be h(-5). Let l(u) be the third derivative of 3*u**4/8 + 2*u**2. What is the tens digit of l(j)?
0
Suppose 0 = 4*j - 32 - 4. Let v(q) = -35*q - 23*q - 1 - j + 0. What is the units digit of v(-4)?
2
Let u(t) = t**3 + 47*t**2 - 43*t + 829. What is the units digit of u(-35)?
4
Let l = 715 - 317. Let a = l + -105. What is the hundreds digit of a?
2
Let r(f) = 6*f - 84. Let b be r(14). Suppose -5*s + 2027 + 2418 = b. What is the tens digit of s?
8
Let g(a) = -a**3 + 11*a**2 + 5*a - 2. Let f be g(8). Let s = f - -494. What is the hundreds digit of s?
7
Let x = 19623 + 28365. What is the units digit of x?
8
What is the thousands digit of 18/1 - (207 + -49622)?
9
Let w be (-3)/((-6)/7) - 10/(-20). Suppose 3*s - 200 = 3*o + 208, 0 = 3*s - w*o - 409. What is the hundreds digit of s?
1
Let n be 246/(-164)*((1 - 1) + -2). Suppose -3*h - 3*i = -1383, 0 = -h + n*h - 3*i - 947. What is the tens digit of h?
6
Let c be (-6)/(-10) + (14262/5 - 2). Suppose -3*a + 4*u = a - 2836, -4*a - u = -c. What is the units digit of a?
2
What is the units digit of ((-39634)/(-114))/((-8)/(-114)) - 21/(-12)?
6
What is the tens digit of 12 + (15548910/13)/15?
5
Suppose 0 = -2*s - 1895 + 1951. What is the tens digit of 226/(-2)*(7 - s/2)?
9
Let n(b) = -2*b - 40. Let h be n(-22). Suppose h*m - 176 = 16. Let k = -4 + m. What is the units digit of k?
4
Suppose -3*n + 5*z + 78763 = 18899, 5*z = -13*n + 259464. What is the units digit of n?
8
Suppose 0 = -16*s - 92*s + 463320. What is the tens digit of s?
9
Let m be (12 - 11 - (3 - -3)) + -424. Suppose 0 = 3*d - 3*x - 2*x + 2062, d - 5*x + 694 = 0. Let k = m - d. What is the units digit of k?
5
Suppose 0 = 4*b - g - 14, -b + 5*b = -g + 10. Suppose -2*y = -5*k + 47, y = -b*k - 3*y + 49. Suppose z = 2 + k. What is the tens digit of z?
1
Suppose -1493299 = -519*m + 29653 + 232306. What is the hundreds digit of m?
3
Let b be 4/(-10) + 4348/20. Suppose -212*r - 3490 = -b*r. What is the units digit of r?
8
Let h(a) = -a - 6. Let z be h(-3). What is the units digit of (z - 45/(-10))*8/3?
4
Suppose -4074888 + 93963 = -98*n - 127*n. What is the units digit of n?
3
Let z(l) = -401*l**3 + l**2 - 35*l - 6. What is the thousands digit of z(-3)?
0
Let o = -351 - -358. What is the thousands digit of 1322 + (o + -16 - -12)?
1
Let m(y) = 6970*y - 836. What is the hundreds digit of m(7)?
9
Let g = -878 + 5593. What is the units digit of g?
5
Let p = 631 - 559. Suppose 0 = 77*g - p*g - 2835. What is the hundreds digit of g?
5
What is the tens digit of ((-21)/(-9))/(34/254490)?
6
Let a = 47672 - 16787. What is the hundreds digit of a?
8
Suppose -2*s = 5*q + 266, 4*q - 89 + 291 = 2*s. Let b be -5 - (2/(-5) - q/(-20)). What is the units digit of ((-1)/b)/((-2)/(-284))?
1
Suppose -3*o - 3*m - 120 = 0, 3*m = -5*o - 45 - 165. What is the hundreds digit of (-14967)/o - (6/5)/2?
3
Let n(l) = -l**3 - 9*l**2 - 31*l - 66. What is the hundreds digit of n(-22)?
9
Let v(t) = 42*t - 4. Let u(d) = 85*d - 9. Let s(b) = -3*u(b) + 5*v(b). Let q be s(-1). What is the tens digit of 4/26 - (-8832)/q?
7
Suppose 988 = 21*a - 32171. What is the tens digit of a?
7
Let m = -84 - -68. Let c be -7*(m/(-24) + (-32)/21). Suppose -3*x + 66 = 2*z, c*z - 2*x = 3*z + 99. What is the units digit of z?
3
Let c(z) = -z**3 + 8*z**2 - 7*z. Let l be c(7). What is the hundreds digit of 1*634/(-1 + l - -3)?
3
Let y(b) = 98*b**3 + 17*b**2 - 13*b - 26. Let r(d) = 33*d**3 + 6*d**2 - 5*d - 9. Let m(x) = -11*r(x) + 4*y(x). What is the units digit of m(2)?
1
Suppose -l - 4*f + 416 - 52 = 0, -5*f = -4*l + 1414. Suppose -j + l = -0*k + k, 350 = k + 3*j. What is the units digit of k?
9
Suppose 0*x - 35484 = -3*x. Let h = x - 8209. What is the units digit of (-4)/10 - h/(-35)?
3
Let d be 7425/27 + (-1 + 1)/1. Suppose 7875 = d*n - 268*n. What is the thousands digit of n?
1
Suppose 0 = 18*c - 20*c - 2*s + 26, -65 = -5*c + 3*s. Suppose -c*f = -4*f - 12915. What is the hundreds digit of f?
4
Suppose 3*v = 4*a + 79 + 118, -v = 5*a - 53. What is the hundreds digit of 262 + ((-2)/(-3))/((-14)/v)?
2
What is the units digit of ((90/6)/(-5))/((-33)/72743)?
3
Let q be (-77 - -78)/((-2)/(-10)). Suppose q*f + 2*f = 2961. What is the units digit of f?
3
Let t = 5525 - 3899. Suppose 2*h - t = 4*i, -6*h + 3*i = -4*h - 1625. What is the hundreds digit of h?
8
Suppose 0 = -23*s + 8237 + 93423. What is the hundreds digit of s?
4
Let c be 5/3 + ((-6)/(-3))/6. Let v(s) = 0*s**2 - c*s**